p - 139*b - 8489. What is the thousands digit of p?
2
Let y be 34 - (1 - (-1 + -2)). Let a = -7 - -8. What is the units digit of (-3 + a)*(-75)/y?
5
Let v = 73 + 1528. Suppose 0 = -2*i - 4*j + 804, -4*i - j + v = -0*j. What is the tens digit of i?
0
Let f(z) = z**3 + 12*z**2 - 16*z - 31. Let b be f(-13). Let p be 2/(3/(-6)*b/(-46)). Suppose -3*v + 7 = 3*a - p, 4*v + 12 = 0. What is the units digit of a?
3
Let w be (-1)/((-3)/((-45)/6))*-34. Let u = w + 3. Suppose -p + 5*p + u = 3*y, 4*y - 2*p - 134 = 0. What is the tens digit of y?
3
Suppose 8*n + 5125 = 4*u + 5*n, 0 = 3*u + n - 3834. Let i = -641 + u. What is the tens digit of i?
3
Let a(y) = -y**2 + 2*y + 43. Let i be a(8). What is the tens digit of i/10 + 1/4*1334?
3
Suppose -4*l + 15*w = 13*w + 60, 4*w = -5*l - 62. What is the hundreds digit of l + 14 - (-1 - 575)?
5
Let l(h) = 1087*h**3 + 4*h**2 - h - 2. Let w be l(1). Let p = w + -497. What is the hundreds digit of p?
5
Suppose 0*u = -6*u. Suppose 5*r + 4*b - 1458 = 0, u = 4*r - b + 3*b - 1164. What is the hundreds digit of r?
2
Let x = 1784 - 632. Let w be (-20)/70 + x/14. Let u = w + -47. What is the tens digit of u?
3
Suppose 4*i + 35702 = 27*k - 25*k, -k + 17845 = 4*i. What is the tens digit of k/27 + 14/(-189)?
6
Suppose 6 = -3*w + 2*a, 6 = w - 3*w + 2*a. Suppose w = 2*x + 198 - 1254. What is the hundreds digit of x?
5
Suppose 8*m - 9*m + 184 = 0. Suppose s + 483 = 5*c, -3*c - 5*s = -5*c + m. Let g = 156 - c. What is the tens digit of g?
5
Let n(y) = -y**3 - 7*y**2 + 262*y + 79. What is the units digit of n(-24)?
3
Let g(v) = 34*v**2 + 27*v - 229. Let o be g(7). Suppose -82*w = -85*w + o. What is the hundreds digit of w?
5
Let x be (-7 - (-35)/3)*78/(-4). Let n = x + 97. Suppose n*m - 46 = 38. What is the units digit of m?
4
Suppose 3*h = -4*j - 3, -j - h - 1 = -0*j. Suppose m + y = 316, j = 5*m - 6*m + 2*y + 304. What is the hundreds digit of m?
3
Let w be (11 - 6)/(6/606). Let b = 551 + w. What is the tens digit of b?
5
Let g(f) be the third derivative of -269*f**4/8 - 2*f**3 - 275*f**2. What is the tens digit of g(-2)?
0
Suppose n = 4 - 6. Let z be -1*8/n*11. Let b = 104 - z. What is the tens digit of b?
6
Suppose 3*l - 36 = -3. Let t = l - 2. Suppose -t*r + 4*r + 815 = 0. What is the tens digit of r?
6
Suppose -38*b + 105176 + 148664 = 0. What is the thousands digit of b?
6
Let z(c) = 53*c**2 + 32*c + 2. Let i(t) = -104*t**2 - 64*t - 4. Let y(m) = -4*i(m) - 7*z(m). What is the units digit of y(-2)?
8
Let c = -30689 - -45516. What is the units digit of c?
7
Suppose 0*j + 2*j - 30 = 4*i, -15 = -2*i - 5*j. Let m be (0 + i*1)*(31 - 32). Suppose 3*v + 99 = 4*v + 2*a, 0 = v - m*a - 134. What is the tens digit of v?
0
Let y(h) = h**2 + 11*h + 3. Let t be y(-9). Let k(u) = u - 19. Let b(l) = -l - 2. Let x(f) = 3*b(f) + k(f). What is the units digit of x(t)?
5
Let g be (-12494)/(-4) + 13/(-26). Suppose -8*x + g = x. What is the hundreds digit of x?
3
Let h = -3295 + 7855. What is the thousands digit of h?
4
Suppose 10*s = -20*s + 1260. Suppose 3105 = -s*h + 47*h. What is the hundreds digit of h?
6
Suppose -32*q + 279202 = 17*q. Suppose 5*i + q = 12*i. What is the tens digit of i?
1
Let x be 3*(3 + 76/3). Suppose -25 + x = 15*y. Suppose 6*g - 610 = -y*g. What is the tens digit of g?
6
Suppose -80*x + 407623 - 143575 = -266112. What is the units digit of x?
7
Let n(i) = 3*i + 69. Let z be n(-10). Suppose -z*r = -37*r - 1026. What is the units digit of r?
3
Let r(q) = 12*q**2 + 6*q - 311. Let a be r(-46). Suppose -a = -18*u - 5437. What is the units digit of u?
6
Let n(k) = k + 1. Let m(b) = -21*b**2 + 9*b + 24. Let r(q) = -m(q) + 12*n(q). Let t(i) be the first derivative of r(i). What is the units digit of t(2)?
7
Suppose 5*w - 2960 = -204*v + 203*v, 5*w - 2*v = 2945. What is the units digit of w?
1
Suppose 0*x - 34 = 17*x. What is the tens digit of (1482/x)/(6/(-4))?
9
Suppose -2*o - 239 = 103. Let k be (-16)/(-10)*(-40)/16. What is the tens digit of o/k - 18/24?
4
Let r = -81 + 124. Suppose -a + r + 304 = -4*v, 4*a + 20 = 0. Let g = -38 - v. What is the tens digit of g?
5
Let l(q) = -30*q + 119. Let u be l(-7). Let y = 761 - u. What is the units digit of y?
2
Let g = 1239 + 5167. What is the tens digit of g?
0
Let j be 4/(-22) + 718*(-50)/(-220). Let l(m) = -6*m**2 - 3*m + 3. Let c be l(4). Let n = c + j. What is the tens digit of n?
5
Suppose 5*s = q + 10, 3*q - 18 + 3 = 0. Suppose -14*m - 43 - 685 = 0. What is the units digit of (m/10)/(s/(-30))?
2
Let r be 11/11 + 2 + 0. Let v(z) = -13 + 27*z + 27*z - 2 - 44*z. What is the tens digit of v(r)?
1
Let a = 78393 + -39381. What is the units digit of a?
2
Let i(v) = 3*v**2 - 82*v + 23. Let u(z) = 3*z**2 - 79*z + 22. Let o(x) = -4*i(x) + 3*u(x). What is the hundreds digit of o(22)?
5
Let y(u) = u**2 + 3*u - 5. Let g be y(-4). Let t be (-426 + 2 + 1)/g. Suppose t - 111 = 3*k. What is the units digit of k?
4
Suppose 238235 = 5*y - 25*i + 30*i, -5*i + 40 = 0. What is the hundreds digit of y?
6
Let f(u) = 41*u - 4. Let n be f(1). Suppose -y + 109 + 6 = 0. Let t = y - n. What is the units digit of t?
8
Let r = -115127 + 173000. What is the ten thousands digit of r?
5
Suppose -d + 4*k = -79, -d + 7*k + 67 = 6*k. Suppose 14*x - 7 = -d. What is the hundreds digit of 182 + ((-3 - x) + 1)/(-2)?
1
Let y be 5 + (-6)/12*6. Suppose 0*q - y*q + 2014 = -5*u, -1007 = -q + u. What is the tens digit of q?
0
Let z be 1 + ((-735)/5 + -2)/1. What is the units digit of 37/z - 519/(-4)*3?
9
Suppose 12*d = 3*w + 14*d - 43, -4*w + 61 = -d. Suppose -3*m - w = 0, -k - m - 16 = -157. What is the units digit of k?
6
Suppose -150243 - 206222 = -21*a - 96044. What is the thousands digit of a?
2
Let x(p) = 11*p**3 + p**2 - 6*p + 7. Let m = 82 + -75. Suppose -m*a + 14 = -0. What is the units digit of x(a)?
7
Suppose 2631 = -7*f + 8665. Suppose 4*p - 858 = h, h = -7*p + 3*p + f. Let a = -105 + p. What is the tens digit of a?
1
What is the tens digit of ((-624)/32 - 17)*-228?
2
Let v = -124 - -216. Let q = 95 - v. What is the hundreds digit of 8/12 + 412/q?
1
Let r(c) = -5*c**3 - 2*c**2 - 20*c - 87. What is the tens digit of r(-9)?
7
Suppose 4*a - 4124 = 4*y, -y = -3*a + 222 + 817. Let g = y + 1466. What is the units digit of g?
9
What is the tens digit of (-168917)/(-354) - (-2)/(-12)?
7
Let x be -11*2*(-4)/(2 + 2). Suppose -x*d + 4650 = 19830. Let s = -391 - d. What is the hundreds digit of s?
2
Suppose 3*l + 5*d - 31453 = 0, -d + 6711 - 38188 = -3*l. What is the ten thousands digit of l?
1
Let t be (-6)/9 + (-28)/(-6). Suppose -b - 718 = -5*f, -3*f + 192 = t*b - 225. Let s = -72 + f. What is the units digit of s?
1
Let y = 31768 + -5698. What is the units digit of y?
0
What is the tens digit of (-2 - 150)/((-13)/((-5122)/(-4)))?
7
Let l = 697 - 471. Let w = -485 + 491. Suppose -4*a + y = -169, -3*y - l + w = -5*a. What is the units digit of a?
1
Let y(b) = -2171*b**3 - b + 1. Let n be y(1). Let l(u) = -2*u**3 - 105*u**2 + 56*u + 164. Let a be l(-53). What is the units digit of (-2)/a + n/(-65)?
3
Suppose -16 - 244 = -7*q - 45*q. Let s(g) be the first derivative of 13*g**2/2 + 18*g + 1. What is the units digit of s(q)?
3
Let t be -1*(-2184)/(-6) - (-3 - -4). Let m = -298 - t. What is the tens digit of m?
6
Let a(b) = 55*b**2 - 62*b + 350. What is the hundreds digit of a(8)?
3
Suppose -3*m + 2*f + 11 + 1 = 0, -4 = -5*m - 2*f. Suppose 0 = -2*y - 2*a + 220, -m*y + 2*a - 326 = -5*y. What is the units digit of y?
6
Let t(z) = 53*z**2 - 79*z + 722. What is the tens digit of t(13)?
5
Let a = 3099 + -1517. Suppose -130*r = -123*r - a. What is the tens digit of r?
2
Let z(n) = -2*n**2 - 11*n - 14. Let j be z(-3). What is the units digit of (-24 - -893) + j*6?
5
Let p(u) = 2*u**3 - 5*u**2 + 4*u - 23. Let z(g) = g**2 + 9*g + 26. Let c be z(-4). What is the hundreds digit of p(c)?
2
Let u(y) be the first derivative of -3*y**4/4 + 2*y**3/3 - y**2 - y + 979. Suppose 0 = 2*p + p + 9. What is the units digit of u(p)?
4
Suppose -28*w + 109027 = -15013. What is the tens digit of w?
3
Let s = -86197 - -132684. What is the ten thousands digit of s?
4
Let j = 43 - 61. Let z be (-4)/j - 140/(-18). Suppose 2*q = -z*q + 450. What is the units digit of q?
5
Let s be 444 - (-6)/(-12)*4. Suppose 10*j - 9*j - s = 0. What is the hundreds digit of j